{"id":671,"date":"2017-11-22T14:43:04","date_gmt":"2017-11-22T12:43:04","guid":{"rendered":"http:\/\/www.umo.edu.bi\/?page_id=671"},"modified":"2020-02-15T13:17:33","modified_gmt":"2020-02-15T11:17:33","slug":"annonce","status":"publish","type":"page","link":"http:\/\/www.umo.edu.bi\/?page_id=671","title":{"rendered":"Annonces"},"content":{"rendered":"\n<p><a href=\"http:\/\/www.umo.edu.bi\/?p=1028\">Note aux finalistes Bacheliers<\/a><br><a href=\"http:\/\/www.umo.edu.bi\/?p=1019\">Note \u00e0 l&rsquo;attention des \u00e9tudiants finalistes, syst\u00e8me de Licence<\/a><br><a href=\"http:\/\/www.umo.edu.bi\/?p=665\">Appel \u00e0 l&rsquo;inscription des \u00e9tudiants<\/a><br><a href=\"http:\/\/www.umo.edu.bi\/?p=194\">Communiqu\u00e9 de recherche<\/a><\/p>\n\n\n<p><\/p>\n","protected":false},"excerpt":{"rendered":"<p>Note aux finalistes BacheliersNote \u00e0 l&rsquo;attention des \u00e9tudiants finalistes, syst\u00e8me de LicenceAppel \u00e0 l&rsquo;inscription des \u00e9tudiantsCommuniqu\u00e9 de recherche<\/p>\n","protected":false},"author":5,"featured_media":0,"parent":0,"menu_order":0,"comment_status":"closed","ping_status":"closed","template":"","meta":{"footnotes":""},"class_list":["post-671","page","type-page","status-publish","hentry"],"_links":{"self":[{"href":"http:\/\/www.umo.edu.bi\/index.php?rest_route=\/wp\/v2\/pages\/671","targetHints":{"allow":["GET"]}}],"collection":[{"href":"http:\/\/www.umo.edu.bi\/index.php?rest_route=\/wp\/v2\/pages"}],"about":[{"href":"http:\/\/www.umo.edu.bi\/index.php?rest_route=\/wp\/v2\/types\/page"}],"author":[{"embeddable":true,"href":"http:\/\/www.umo.edu.bi\/index.php?rest_route=\/wp\/v2\/users\/5"}],"replies":[{"embeddable":true,"href":"http:\/\/www.umo.edu.bi\/index.php?rest_route=%2Fwp%2Fv2%2Fcomments&post=671"}],"version-history":[{"count":7,"href":"http:\/\/www.umo.edu.bi\/index.php?rest_route=\/wp\/v2\/pages\/671\/revisions"}],"predecessor-version":[{"id":1408,"href":"http:\/\/www.umo.edu.bi\/index.php?rest_route=\/wp\/v2\/pages\/671\/revisions\/1408"}],"wp:attachment":[{"href":"http:\/\/www.umo.edu.bi\/index.php?rest_route=%2Fwp%2Fv2%2Fmedia&parent=671"}],"curies":[{"name":"wp","href":"https:\/\/api.w.org\/{rel}","templated":true}]}}