{"id":34,"date":"2017-09-21T15:44:19","date_gmt":"2017-09-21T13:44:19","guid":{"rendered":"http:\/\/www.umo.edu.bi\/?page_id=34"},"modified":"2017-11-13T11:28:52","modified_gmt":"2017-11-13T09:28:52","slug":"anesthesie-et-reanimation","status":"publish","type":"page","link":"http:\/\/www.umo.edu.bi\/?page_id=34","title":{"rendered":"Anesth\u00e9sie et r\u00e9animation"},"content":{"rendered":"<p><b>Historique<\/b><br \/>\nLa fili\u00e8re d\u2019Anesth\u00e9sie et R\u00e9animation  a ouvert ses portes durant l\u2019ann\u00e9e acad\u00e9mique 2012-2013. La premi\u00e8re et unique promotion de laur\u00e9ats licenci\u00e9s sera dipl\u00f4m\u00e9e pour cette ann\u00e9e acad\u00e9mique 2016-2017. Elle compte dipl\u00f4mer 53 laur\u00e9ats. Les premiers bacheliers en Anesth\u00e9sie et r\u00e9animation termineront leurs \u00e9tudes durant l\u2019ann\u00e9e acad\u00e9mique 2016-2017. Ces laur\u00e9ats sont ressortissants du Burundi, du Rwanda et de la R\u00e9publique D\u00e9mocratique du Congo.  <\/p>\n<p><b>Les objectifs globaux de la formation<\/b>:<\/p>\n<ul>\n<li>Doter les \u00e9tudiants des connaissances et comp\u00e9tences n\u00e9cessaires pour leur future vie professionnelle ou de chercheur en tant qu&rsquo;Anesth\u00e9siste-r\u00e9animateur, aussi bien au niveau national qu&rsquo;international, avec un esprit critique et un sens de responsabilit\u00e9 \u00e9lev\u00e9;<\/li>\n<li>former un bachelier en Anesth\u00e9sie  responsable et autonome, particuli\u00e8rement comp\u00e9tent dans le domaine des soins en anasth\u00e9sie g\u00e9n\u00e9rale et locor\u00e9gionale;<\/li>\n<li>permettre au bachelier anesth\u00e9siste-r\u00e9animateur de mettre  en oeuvre sa sp\u00e9cialisation en r\u00e9animation lors de transports sanitaires, pour la prise en charge des patients aux services de surveillance et\/ou soins intensifs, ainsi que pour r\u00e9pondre \u00e0 des situations de d\u00e9tresse vitale en milieu hospitalier ou extrahospitalier.<\/li>\n<\/ul>\n","protected":false},"excerpt":{"rendered":"<p>Historique La fili\u00e8re d\u2019Anesth\u00e9sie et R\u00e9animation a ouvert ses portes durant l\u2019ann\u00e9e acad\u00e9mique 2012-2013. La premi\u00e8re et unique promotion de laur\u00e9ats licenci\u00e9s sera dipl\u00f4m\u00e9e pour cette ann\u00e9e acad\u00e9mique 2016-2017. Elle compte dipl\u00f4mer 53 laur\u00e9ats. Les premiers bacheliers en Anesth\u00e9sie et r\u00e9animation termineront leurs \u00e9tudes durant l\u2019ann\u00e9e acad\u00e9mique 2016-2017. Ces laur\u00e9ats sont ressortissants du Burundi, du [&hellip;]<\/p>\n","protected":false},"author":5,"featured_media":0,"parent":28,"menu_order":0,"comment_status":"closed","ping_status":"closed","template":"","meta":{"footnotes":""},"class_list":["post-34","page","type-page","status-publish","hentry"],"_links":{"self":[{"href":"http:\/\/www.umo.edu.bi\/index.php?rest_route=\/wp\/v2\/pages\/34","targetHints":{"allow":["GET"]}}],"collection":[{"href":"http:\/\/www.umo.edu.bi\/index.php?rest_route=\/wp\/v2\/pages"}],"about":[{"href":"http:\/\/www.umo.edu.bi\/index.php?rest_route=\/wp\/v2\/types\/page"}],"author":[{"embeddable":true,"href":"http:\/\/www.umo.edu.bi\/index.php?rest_route=\/wp\/v2\/users\/5"}],"replies":[{"embeddable":true,"href":"http:\/\/www.umo.edu.bi\/index.php?rest_route=%2Fwp%2Fv2%2Fcomments&post=34"}],"version-history":[{"count":8,"href":"http:\/\/www.umo.edu.bi\/index.php?rest_route=\/wp\/v2\/pages\/34\/revisions"}],"predecessor-version":[{"id":553,"href":"http:\/\/www.umo.edu.bi\/index.php?rest_route=\/wp\/v2\/pages\/34\/revisions\/553"}],"up":[{"embeddable":true,"href":"http:\/\/www.umo.edu.bi\/index.php?rest_route=\/wp\/v2\/pages\/28"}],"wp:attachment":[{"href":"http:\/\/www.umo.edu.bi\/index.php?rest_route=%2Fwp%2Fv2%2Fmedia&parent=34"}],"curies":[{"name":"wp","href":"https:\/\/api.w.org\/{rel}","templated":true}]}}

Anesthésie et réanimation

<p><b>Historique</b><br />
La filière d’Anesthésie et Réanimation  a ouvert ses portes durant l’année académique 2012-2013. La première et unique promotion de lauréats licenciés sera diplômée pour cette année académique 2016-2017. Elle compte diplômer 53 lauréats. Les premiers bacheliers en Anesthésie et réanimation termineront leurs études durant l’année académique 2016-2017. Ces lauréats sont ressortissants du Burundi, du Rwanda et de la République Démocratique du Congo.  </p>
<p><b>Les objectifs globaux de la formation</b>:</p>
<ul>
<li>Doter les étudiants des connaissances et compétences nécessaires pour leur future vie professionnelle ou de chercheur en tant qu&rsquo;Anesthésiste-réanimateur, aussi bien au niveau national qu&rsquo;international, avec un esprit critique et un sens de responsabilité élevé;</li>
<li>former un bachelier en Anesthésie  responsable et autonome, particulièrement compétent dans le domaine des soins en anasthésie générale et locorégionale;</li>
<li>permettre au bachelier anesthésiste-réanimateur de mettre  en oeuvre sa spécialisation en réanimation lors de transports sanitaires, pour la prise en charge des patients aux services de surveillance et/ou soins intensifs, ainsi que pour répondre à des situations de détresse vitale en milieu hospitalier ou extrahospitalier.</li>
</ul>

<p>Historique La filière d’Anesthésie et Réanimation a ouvert ses portes durant l’année académique 2012-2013. La première et unique promotion de lauréats licenciés sera diplômée pour cette année académique 2016-2017. Elle compte diplômer 53 lauréats. Les premiers bacheliers en Anesthésie et réanimation termineront leurs études durant l’année académique 2016-2017. Ces lauréats sont ressortissants du Burundi, du [&hellip;]</p>
